4*n + n. Suppose n*p - 12 = -p. Suppose p*k + 4*b - 61 = -2*k, -k - 3*b + 21 = 0. List the prime factors of k.
3
Let i(u) = -u - 3. Let a be i(-2). Let f be ((-2)/(-4))/(a/(-58)). Suppose -3*m + 9 = 3*l, -m = -5*l + m + f. What are the prime factors of l?
5
Suppose 0*v + v = 3. Suppose 4*k - 53 - 43 = v*y, 5*k - 120 = 5*y. List the prime factors of k.
2, 3
Suppose 1 = -5*u - 29. What are the prime factors of (21/(-1))/(u/8)?
2, 7
List the prime factors of (-876)/(-20) + 4/(-5).
43
Suppose 0 = r - 0*r - 62. What are the prime factors of r?
2, 31
Let o = 19 + 9. Suppose 0 = -5*i + o - 3. List the prime factors of i.
5
Let f(g) = 3*g**2 - 40*g - 9. What are the prime factors of f(17)?
2, 89
Suppose -3*j - 674 = -5*u, -u + j + 130 = 2*j. List the prime factors of u.
7, 19
Suppose k - 1 + 5 = -3*t, -2*t - k - 3 = 0. Let r be (-1)/(-5) + t/5. Let y = r + 13. What are the prime factors of y?
13
Suppose -29 = -2*c + 15. Suppose 5*o = -3*v + c, 0 = 2*o + 2*v - 4*v + 4. List the prime factors of o.
2
Suppose 29 = 2*b - 4*d - 123, -4*b + 268 = 4*d. What are the prime factors of b?
2, 5, 7
Suppose -4*u + 150 = -4*w + 18, -67 = -2*u + 3*w. Suppose 5*b - u = 3. What are the prime factors of b?
7
Let b(d) = -4*d - 6. Suppose 7 = 2*g - s, g - 2*s - 7 = 1. Suppose -q = 4*y + 3*q, 3*q - 4 = -g*y. What are the prime factors of b(y)?
2, 5
Let i = -6 - -57. What are the prime factors of i?
3, 17
List the prime factors of 464/6 + 6/(-18).
7, 11
Let h = 44 + 36. List the prime factors of h.
2, 5
Suppose 0 = -0*n - 3*n + 306. Suppose -n - 103 = -5*p. List the prime factors of p.
41
Let h be (-2 - 8)*-1 + -3. Let g(f) = 6 + 8*f - 2 + 7*f**2 - f**3 - f**2. What are the prime factors of g(h)?
11
What are the prime factors of (-1 - 0) + -1 + 202 + 0?
2, 5
What are the prime factors of (-2)/8*34*-6?
3, 17
Let a = -10 + 51. What are the prime factors of a?
41
Let h(o) = -o**3 - 5*o**2 - 2*o + 2. Suppose 6 + 0 = 3*c. Let d = -3 - c. What are the prime factors of h(d)?
2, 3
Suppose -4*d = -7 - 13. What are the prime factors of d?
5
Let n = -5 - -25. List the prime factors of n.
2, 5
Let b(j) = -j**3 + j + 22. Let r be b(0). What are the prime factors of (r/3)/((-2)/(-3))?
11
Suppose -2*m - 96 = -4*m. List the prime factors of m.
2, 3
What are the prime factors of 351/9 + (-2 - -3)?
2, 5
Let b(x) = x**3 + x**2 - x + 2. Let g be b(0). Suppose -6 = -g*i - i. Suppose -i*a - 3 = 3*t, 0 = -5*a - 0*t + 5*t + 55. What are the prime factors of a?
2, 3
Let i = 32 - 64. Let y be ((-23)/2)/((-1)/(-2)). Let t = y - i. List the prime factors of t.
3
Suppose 0 = -4*t + t. Let i = 2 + t. Suppose -3*b = -4*s + 51, i - 1 = -b. What are the prime factors of s?
2, 3
Suppose 2*w + 2*h + 28 = -3*h, 8 = -w - 4*h. Let s = -12 - w. List the prime factors of s.
2, 3
Let f = 14 + 10. Suppose 0 = -3*u + f. Let d = -4 + u. What are the prime factors of d?
2
Let m(y) = -y + 2*y + y + 10*y**2 - 1. Let p be (-5)/5*-1*1. What are the prime factors of m(p)?
11
Let q(n) = n**3 + 5*n**2 - 5*n + 3. What are the prime factors of q(-5)?
2, 7
Let i be ((-4)/(-8))/((-2)/(-12)). Suppose i = l - 5. What are the prime factors of l?
2
Let k be (-12 + 9)/(-1*1). Suppose k*c + 4*j = 4*c + 12, 5*c - 3*j = 25. List the prime factors of c.
2
Suppose -n - 6 = -5*j, 0 = 3*j + 5*n + 2. Let c(k) = 8*k + 1. What are the prime factors of c(j)?
3
Let l be 3/3*-2 + 2. Suppose l = -3*w - 2*p + 19, -w - 5*p + 2 = -0*w. Let a = w - 1. List the prime factors of a.
2, 3
Let c(j) = -81*j + 12. Let t be c(-5). Suppose t - 142 = 5*r. List the prime factors of r.
5, 11
Let q = -10 - -15. Suppose -q*n + n + 20 = 0. Suppose -32 = -n*l + 28. List the prime factors of l.
2, 3
Let r = -1 - -4. What are the prime factors of r?
3
Let k be (-2)/8 + 3/(-4). Let t(j) = -3*j - 1. Let r be t(k). Suppose -4*p = z - r, p + p = 5*z - 32. What are the prime factors of z?
2, 3
Let p be 2 + -1 + -3*4. Let z be (-210)/8 - (-1)/4. Let y = p - z. What are the prime factors of y?
3, 5
Let f(c) = -2*c + 8. Let t(o) = -4. Let i(l) = 4*f(l) + 8*t(l). What are the prime factors of i(-1)?
2
Suppose 56 = -j + 5*j. What are the prime factors of (-1)/(((-2)/j)/1)?
7
Let i(a) = 2*a**2 + 6*a - 13. List the prime factors of i(-10).
127
Let r be 1*(1 + (-1 - -1)). Let y be r + 5 + 9/(-3). Suppose -111 = -5*a - y*w, w - 4*w - 36 = -2*a. List the prime factors of a.
3, 7
Let x be 26/6 - (-4)/6. Let c = 2 - -15. Suppose x*y + 3*q - 24 = 25, c = y - 3*q. List the prime factors of y.
11
Suppose 0*n + n = 0. Let v = n + -1. List the prime factors of (14/(-4))/(v/2).
7
Let l(x) = -x**2 - 8*x. Let i be l(-8). Suppose -3*z = 0, i = g - 3*g - 3*z + 60. What are the prime factors of g?
2, 3, 5
Suppose 0 = -3*l - n + 6*n - 9, 0 = 2*l + 4*n + 6. List the prime factors of 42 - -5 - (0 - l).
2, 11
Suppose 2*o = 2*r + o, r = -2*o + 10. Suppose 0 = r*q - 5*q. Suppose -23 + 4 = -2*u + h, u + 5*h - 26 = q. List the prime factors of u.
11
Let p(u) be the first derivative of -u**3/3 + 7*u**2/2 - 7*u - 3. Let l be p(6). Let j = 6 + l. What are the prime factors of j?
5
Let x(b) = b**2 - b - 4. Let w be -2 - -1 - (1 + -4). Suppose 2*c = w*q - 3*c - 14, -3*q = -4*c - 7. List the prime factors of x(q).
2
Let s = 7 - 7. Let b be -2 + 4 + (0 - s). What are the prime factors of 16*(-3)/(-6) - b?
2, 3
Let b be 1/(-3)*-3 + 2. Let c(i) = 2*i**2 - 3*i - 2. What are the prime factors of c(b)?
7
Let i(b) = -b - 1. Let d be i(-2). List the prime factors of d - (-1 - 8*2).
2, 3
Let z be (37*-2)/((-2)/(-1)). Let r = z - -52. What are the prime factors of r?
3, 5
Suppose -9 = -l - 33. List the prime factors of (l/7)/((-4)/28).
2, 3
What are the prime factors of 280/(-49)*(-7)/2?
2, 5
Let t(p) = 5*p**2 - p + 1. Let o be t(1). Let m be (-15)/o + 29/1. Suppose -64 = -2*y + 5*c - 17, 0 = 2*y + 2*c - m. What are the prime factors of y?
2
Let b be (-48 + (-2 - -5))*-1. Suppose b = t + 2*t. What are the prime factors of t?
3, 5
Let v be -6*(-2)/(-20)*-5. Suppose v*t = 5*t - 4. What are the prime factors of t?
2
Let g = 278 + -196. List the prime factors of g.
2, 41
Let t = 35 - -37. What are the prime factors of t?
2, 3
Let l = 86 - 81. List the prime factors of l.
5
Let m(y) = -4*y**2 + 5*y**3 - 3*y**3 - y**3 + 5 - 5*y. What are the prime factors of m(5)?
5
Let c(a) = 3*a + 3*a - 1 + 4. Let k be c(3). Let y = -14 + k. List the prime factors of y.
7
Let b = 6 + 7. Suppose -l + 3 = -b. What are the prime factors of l?
2
Let d = 6 - 0. Suppose -2*h - 2*m - d = 0, -1 + 42 = -3*h + 5*m. Let b(n) = -n - 5. List the prime factors of b(h).
2
Suppose 57 = 3*f + f - 3*r, 5*f - 4*r = 72. List the prime factors of f.
2, 3
Let b be (-2)/4 + (-511)/(-14). Let k = -15 + b. List the prime factors of k.
3, 7
Let w(d) = -d**2 + 9*d + 11. Let h be w(11). Let x = 6 - h. What are the prime factors of x?
17
Suppose -5*n - 5*t = -95, -4*t + 35 = 2*n - 3*t. Suppose 23 = -2*a - r, n = -5*r + 1. Let s = a - -20. List the prime factors of s.
2, 5
Let r(g) = 5*g + 2. Let i(j) = j**2 + 2*j + j - 4*j - j**3 - 1. Let q be i(-1). List the prime factors of r(q).
2, 3
List the prime factors of 332/14 - (-8)/28.
2, 3
Let q be -6*(-2)/(-3)*-1. Suppose -4*c + q*u + 52 = 0, -2*u - 17 + 63 = 4*c. What are the prime factors of c?
2, 3
Suppose -2*r + 15 = -23. List the prime factors of r.
19
Let u(j) = 6*j**2 + 1. Let t(w) = -w**2 + 12*w - 12. Let a be t(11). List the prime factors of u(a).
7
Suppose 20 = -2*i - 8. Let l = i + 50. Suppose 0 = -5*b + 2*b + l. What are the prime factors of b?
2, 3
Let n = 80 + -45. List the prime factors of n.
5, 7
Let r(z) = 4*z - 2. Suppose 2*f = 5*a + 12, -a - 2*a = -4*f + 10. Let m be r(a). Let s = m - -20. What are the prime factors of s?
2, 5
List the prime factors of (2230/(-25) + 2)*(-5)/2.
2, 109
Suppose 8*h = 3*h - 4*l + 304, 62 = h + 2*l. List the prime factors of h.
2, 3, 5
Suppose m + 2 = -0*m. Let k be m/1*(-6)/(-4). Let g = 5 + k. List the prime factors of g.
2
Let c(n) = n**3 + 6*n**2 + 6*n + 4. Let x be c(-4). Let r = x + -6. Suppose -4*v - 3*j = -v - r, 0 = 3*v + 2*j - 7. What are the prime factors of v?
3
Suppose 0 = 4*m - 4 - 12. Suppose -5*c = -m*p - 276, c - 2*c + 54 = -2*p. Suppose 8 = 2*s - s - o, 4*s - c = -2*o. What are the prime factors of s?
2, 3
Let q = 38 - 22. Let x = q + -7. What are the p